
2
Evaluate 21 - (-2 + (0 - 1 - -9)).
15
What is 5 - (0 + 2) - ((0 - -36) + -21)?
-12
Calculate 6 - (20 - (3 - (-12 + 5))).
-4
What is (-3 - -5 - -7) + (807 - 802)?
14
-4 - (7 + 1 + -4 + -35 + 27)
0
What is the value of (-771 - -779) + (7 - (2 - 1))?
14
Evaluate 299 - 307 - (-32 - (-2 - 0 - -2)).
24
Calculate (-5 - -12) + 2 + -20 - 5.
-16
-3 - (-4 - 3) - 13
-9
8 - -8 - 9 - (-2 - -8 - 6)
7
Evaluate -13 + (-1 - -28) - (-1 - -3).
12
What is (-2 + -1 - (-4 - 1)) + -7 + 10?
5
What is -6 + (1 - -14 - (-1 - -4)) + -10?
-4
Calculate -8 + -1 + 11 - (-7 + (0 - -3)).
6
-19 - (-23 + (29 - 8) + (1 - -7))
-25
What is the value of -32 + (4 - (-2 + 20)) - -13?
-33
What is -6 - 6 - -17 - -28?
33
What is the value of 5 - (-29 + 1 + 1 + 383 + -373)?
22
What is the value of (4 - (-5 + 9)) + -6 - 10?
-16
Calculate -22 - 1 - (-111 + 65 + 32).
-9
What is the value of 1 - (1 - (-1 + -4))?
-5
Calculate 11 - 2 - (-324 + 325 - (11 - -1)).
20
What is the value of (1 - (-9 + 2)) + 114 + -122?
0
-14 - ((0 - -29) + 12 + -27)
-28
25 - (-21 + 15 + 25)
6
What is the value of -3 + 3 + -17 - (-11 + 3 + 1)?
-10
What is (-46 + 83 - 24) + -45?
-32
Calculate -1 - (89 + -77 - (-1 + -3)).
-17
(2 - 16) + 2 + -1 + (-11 - -13)
-11
(-5 - -15) + 0 + (35 - 37)
8
What is the value of -1 - (42 + -52 + (-9 - -1))?
17
Calculate -5 - (8 + -2 - 8) - -7.
4
-7 - (-78 + 78 - (1 + 3 + 0))
-3
Evaluate -5 - (27 + 17 + -63 - (9 + -1)).
22
What is -2 - 3 - (10 - 1 - 18)?
4
Calculate (-6 - -3) + -10 - (-2 + (0 - 3)).
-8
11 + -8 + (-5 - -8) - (-3 + 2)
7
0 + 5 + (-1 - 3 - -7) + 8
16
Evaluate -7 + (24 - 12) - (-2 - -26).
-19
What is -2 + -5 + 1 + (-39 - -3) + 15?
-27
What is the value of -8 - 1 - (-24 - (-16 + 4))?
3
What is the value of 5 - (-5 - (-3 + -5 - -6))?
8
What is (29 - 19 - -17) + -25?
2
Calculate 7 - (2 + 13) - 7 - 2.
-17
2 + 3 + (-5 - (3 + 2 - 2))
-3
Evaluate 7 + (-46 - -22) - (-13 - -1).
-5
2 + (-1 - -10 - (-243 + 246))
8
Evaluate -1 + -2 + (366 - 370).
-7
-2 + 0 + 26 - 17
7
What is the value of 20 + 4 + -18 + (-2 - (-5 - 3))?
12
What is 6 + (11 - 20) + 4?
1
Evaluate 7 + -2 - 9 - -5 - (6 + -11).
6
7 + -4 + 32 + -26 + 3
12
What is the value of (13 - (159 + -151 - (1 + 9))) + -3?
12
(1 - 0 - 7 - (31 - 35)) + -1
-3
What is the value of (-5 - -14) + (-6 - (3 - 12)) + 4?
16
What is -11 - (28 - 44 - (2 + 6))?
13
What is 4 + (-21 - (-2 - (0 + (6 - 7))))?
-16
Evaluate 278 - 279 - (-1 - -17).
-17
Calculate -9 + 1 + (22 - 11) + -4.
-1
What is -1 + -1 + 6 + -58 + 40?
-14
Evaluate -13 + -2 + 18 + (-12 - -1) + 0.
-8
What is the value of 29 + 13 + -57 + 15?
0
Evaluate 20 - 1 - (444 + -419).
-6
What is 60 + -59 + (-3 - (3 - -2))?
-7
Calculate 1 + (5 - -2) + -22.
-14
Evaluate -6 + 10 + (7 - 0).
11
What is -7 + 0 + -11 + 17?
-1
Calculate 25 + -2 + (-16 - -9).
16
What is 13 - (-16 - (5 - 28))?
6
What is the value of 6 - (-15 - (-2 - 0) - (156 - 165))?
10
What is the value of (-8 - 2) + 50 + -57 - 1?
-18
(1 + 8 - (10 + -19 + 15)) + 2
5
What is 47 + -22 + -21 - (-2 - -2 - 7)?
11
Evaluate (0 - -2) + (-93 - -94 - (10 - -1)).
-8
Calculate (32 + -15 - 11) + 5 + 0.
11
What is the value of 0 + -3 + -20 + (-7 + 18 - 14)?
-26
1 - (19 - (15 - -1))
-2
Calculate -25 + 3 + 4 + -3 - 3 - -7.
-17
What is 5 + -3 + 8 - (-392 - -414)?
-12
(8 - 2) + -1 + -8 - (-1 + 13)
-15
What is the value of 2 + -12 + -2 + (415 - 418)?
-15
Calculate -29 - (-193 - -175 - (-2 - 0)).
-13
Evaluate (2 + -1 - 2) + (127 - (-131 - -262)).
-5
Calculate -4 + 1 - (1 + -7 + 106 + -111).
8
0 + (1 - 1) - (19 - 8)
-11
What is (-7 - (-15 - 9)) + -17?
0
-8 - (8 - (-7 - -7))
-16
4 + -1 + 3 + -4 + -2 + -6
-6
Calculate 0 + (-18 - -3 - -5 - -46).
36
Evaluate 5 + -3 + -5 + 0 - (33 - 30).
-6
What is the value of 10 + (-44 + 13 - -18)?
-3
(-21 - -6) + -52 + 55
-12
Calculate -57 + 59 + 8 + (0 - 1).
9
What is 4 - (-8 - (17 + 16 + -28))?
17
Calculate (4 + -13 - -9) + -8.
-8
Calculate -3 + 2 + (-10 - -7) - (0 + 2).
-6
What is ((10 - 7) + -13 - -20) + (-33 - -6)?
-17
What is the value of 36 + -35 - (16 - 2)?
-13
What is (9 - 8) + 11 + 1 - 0?
13
What is the value of (-24 - (-4 - (10 + 1))) + 22?
13
What is 2 + 3 + (-146 - -152) + 3 + 1?
15
Evaluate (-10 + 9 - -5) + 8 + 0 + -2.
10
Calculate -12 - (-4 + -12 + 10).
-6
What is the value of (1 - (13 + -5)) + (1 - (-17 + 19))?
-8
Calculate -15 + (-41 - 3) + 29.
-30
36 + (-2 - 16) + 1
19
Evaluate (1 - -2 - 5 - 0) + 5 + 1.
4
What is 28 - (-17 - 7 - -31)?
21
(6 - (9 + -15)) + 2
14
Calculate 2 + 3 + -17 + -3 - (-14 + 17).
-18
Evaluate (16 - -1) + (-124 - -119).
12
Evaluate (34 - 42) + -4 - (-1 - 10).
-1
Calculate 4 + -3 + -2 + -7.
-8
Calculate (-5 - -6 - 4) + 1 - -6.
4
What is (0 - (-1 + -5 - 1)) + 7?
14
What is 80 + -45 + (-35 - -10)?
10
Calculate -2 + 21 + -16 + 21.
24
Calculate 6 - (-1 + -6 + 25).
-12
18 + -1 + (-104 + 55 - -57)
25
-20 - (7 - (-21 + 13) - 8)
-27
Calculate -4 - (-15 - 14) - 11.
14
Evaluate (-3 - ((-3 - 3) + -1 - 2)) + 2.
8
Calculate (17 - (-9 + 17 + 6)) + 7.
10
Evaluate -1 - -9 - (6 - (11 - 12)).
1
What is 2 - 10 - (38 - 40)?
-6
What is 12 + 10 - (-12 - -17)?
17
What is the value of -20 + -21 + -4 - -30?
-15
Evaluate -15 + 21 + -8 - (7 - 2 - 1).
-6
What is the value of (5 + -13 - -38) + -11 + -7?
12
What is the value of (-4 - 1 - 3 - (9 + -12)) + -5?
-10
What is the value of (40 - 23) + 1 - -11?
29
What is the value of -25 - -23 - (16 + 1 + -4)?
-15
What is the value of (-15 - -12 - (-23 + 1)) + -4 + 1?
16
What is 10 + (0 - (4 - -3)) + 8?
11
What is the value of 4 + -10 + 1 + -10 + (-12 - -21)?
-6
Calculate 27 - (17 + -10) - 15.
5
What is the value of 36 - 3 - (-49 - -108)?
-26
What is -3 - (-7 + (1 - 0 - (-23 + 29)))?
9
What is the value of -186 + 172 - (-1 + -4) - -5?
-4
Evaluate -12 + ((-2 - 10) + -7 - -13).
-18
What is -11 - (-8 + -7 + 4)?
0
Calculate (9 - 2) + (-14 - (1 + -8)).
0
Calculate -1 + 4 + -1 - 2 - (396 - 369).
-27
Calculate 2 + (-8 - 2) - 4 - (-5 + 7).
-14
What is the value of 1 + 3 + 0 - (314 - 318)?
8
What is the value of -4 - (-2 + 2) - (-7 - (-23 - -25))?
5
Calculate -8 + -8 + 22 + -22 - 0.
-16
7 - (-5 - (0 + 2 + -7))
7
Evaluate 3 - (8 - 4) - 1 - 10.
-12
Evaluate 26 + (23 - 67) + 29.
11
What is the value of (-5 - (-6 + 9)) + -14 + 8?
-14
What is (-10 - 1 - 1) + 632 + -617?
3
Calculate (-4 - -4 - 0) + -2 + 8 + 7.
13
Evaluate 20 - (32 + -28 + -16).
32
Evaluate -493 + 479 - (6 + -1).
-19
Calculate 20 - (-25 + 51 - 8).
2
What is 5 + 1 + (-937 - -946)?
15
Evaluate (-212 - -217) + -3 + (-1 - 10).
-9
(-1042 - -1016) + (1 - -8)
-17
Evaluate 7 + (-7 - ((0 - (-5 + 0)) + -5)).
0
Evaluate -7 + -1 - (55 + -47 - (-1 - -12)).
-5
Evaluate -3 - (18 + -14) - (7 + 6).
-20
Evaluate -30 + 30 + 1 - (5 + 1 - -1).
-6
What is the value of -23 + (0 - -1) - -21?
-1
What is 1 + -37 + (-507 - -555)?
12
What is -19 + -1 + (-182 - -213)?
11
Evaluate -2 + 30 + 16 + -20.
24
Evaluate -10 + (7 - -1) - 4.
-6
Evaluate (66 - (5 + 7) - 14) + -8.
32
Calculate 3 + -13 + -4 + (1 - -1) + 0.
-12
Calculate 9 + 23 - (6 + 13).
13
-1 + 4 + (55 - 58) - 8
-8
What is (2 - (0 - 8)) + -4 + 1?
7
Evaluate -7 + -33 + 29 + -3 + 9.
-5
-14 - (-4 + 9) - (-60 + 67)
-26
Evaluate -2 - (-5 - ((5 - 3) + -6)).
-1
Calculate 8 + -2 - (50 + -36).
-8
-10 - ((-3 - -6) + -12 - -10)
-11
Evaluate 15 + -7 + 6 + -2 + (-4 - -15).
23
-2 - (-7 - -2) - (-1 + 22 - 4)
-14
Calculate -26 + 2 - (-124 + 105).
-5
(-35 - -49 - (20 + -9)) + -17 + -1
-15
Calculate 26 + -24 + -9 - (3 - 2 - 3).
-5
Evaluate (-66 + 76 - -24) + -11 + 1.
24
Evaluate -41 - -4 - (-133 - -78).
18
21 + -12 - -5 - 16 - (-10 - 1)
9
-4 + (-16 + 11 + -1 - -12)
2
Calculate -3 + (18 - (-8 + (-3 - -8)) - -5).
23
Evaluate -7 - (10 + (6 - 35)).
12
(1 - (-20 + 13)) + 0
8
What is -250 + 257 + 3 + -24?
-14
What is 19 - (2 + 14 + -12)?
15
(-10 - -27) + -30 + -3 - 14
-30
(135 - 136) + -2 + 8
5
Evaluate 1 + 0 + -11 + 9 + (15 - 11).
3
What is -80 + 60 - (-1 + -3 + 1)?
-17
-17 - -29 - (3 - 4)
13
What is -44 - ((-12 - -14) + -22)?
-24
What is the value of 4 + 19 - 10 - 18?
-5
Evaluate 34 + (16 - 32) - 1.
17
(-1 - 0 - 3) + (-8 - -29) + -20
-3
What is 1 + (12 + -49 - -18)?
-18
-7 - ((25 - 60) + 22)
6
-3 - 88 - -81 - (2 + 1 + 16)
-29
Evaluate (-47 - -38) + -16 + 37.
12
Evaluate 28 + -17 + -20 + 1 - -11.
3
What is (-6 - 0) + 1068 + -1042?
20
(5 - 2) + (7 - 8 - (2 + 10))
-10
What is -11 - (14 - (-20 - -34))?
-11
(29 - (-16 + 25)) +